 g(i)?
9
Suppose -4*a = 3*a - 441. What is the tens digit of a?
6
Let v(i) = 10*i**3 - i**2 - 2*i - 1. Let s be v(-1). Let r = 12 + s. What is the units digit of r?
2
Let c be (4 + -1 - 6) + 27. Let i = c + -14. What is the tens digit of i?
1
Suppose -4*n + 5*z + 120 + 53 = 0, 2*n - 106 = -4*z. What is the units digit of n?
7
What is the units digit of 1/2 - (-27)/18?
2
Let r be 1*3/(-3) - 1. Let l = 5 + r. What is the units digit of l?
3
Let p = 2 + 1. Suppose 5*f = -p*s + 161, -43 = -f + 6*s - 3*s. What is the tens digit of f?
3
Let k(s) = s**3 + 5*s**2 - 2*s - 9. What is the units digit of k(-5)?
1
Let b = -5 - -1. Let o(y) = -y**3 + 2*y**2 + 6*y. Let h be o(b). Suppose 3*v = -v + h. What is the tens digit of v?
1
Let w = -6 + 11. Suppose -s - 5*b + 0*b + 1 = 0, 0 = -w*b - 25. Suppose -14 = -5*d + s. What is the units digit of d?
8
What is the units digit of -3 + (78 - 1) - -1?
5
Suppose 0 = -2*q + 37 + 27. What is the units digit of q?
2
Let t = 102 - -26. What is the tens digit of t?
2
Let x = -6 + 6. Suppose x = -0*h + 5*h - 40. What is the units digit of h?
8
Let l(z) = -z + 15. Let r(b) = 4. Let i(g) = 2*l(g) - 9*r(g). Suppose 50 = -5*h - 5*c, 4*c = h + h - 4. What is the units digit of i(h)?
6
Let n(z) = 2*z**3 - 4*z**2 + 3*z. Suppose -k - 3*h = 8 - 1, 0 = -2*k - h + 1. Let j be n(k). What is the units digit of j/(-9)*27/(-6)?
3
Suppose -h + 4 = -5*h. Let d be ((-6)/(-4))/((-9)/(-24)). What is the units digit of h*4/(d/(-9))?
9
Suppose 3*t - 14 = 2*s, 5*s + 7 = -3*t - 7. Suppose 5*o - 29 = t*f, 2*f - 1 + 0 = -o. What is the units digit of o?
5
Let y be 2*4/(8/(-38)). What is the tens digit of (-2 - y) + 6/(-6)?
3
Let a(q) = 28*q - 1. What is the hundreds digit of a(8)?
2
Suppose -4*d = -3*i + 22, 2*d - 4 = 5*i - 22. What is the units digit of 30/d*(-4)/6?
5
Let w = -5 - -10. Let r be 2/w + (-63)/(-5). Suppose o - 15 - r = -2*f, o = -f + 13. What is the tens digit of f?
1
Let b = 53 + -21. What is the units digit of b?
2
Suppose -6 - 2 = -4*v. Suppose 0 = -l + v, -h = 3*h - l + 6. Let r = 0 - h. What is the units digit of r?
1
Let r = 101 + -53. Suppose r = 2*x - 0*x. What is the tens digit of x?
2
Let q(d) be the third derivative of 0*d - 1/120*d**6 + 0 - 1/24*d**4 + 2*d**2 + 1/3*d**3 + 0*d**5. What is the units digit of q(-2)?
2
Let l be 3/(-12) - (-239)/(-4). Let z be l/(-18) + 1/(-3). Suppose 0 = 4*v + z*b - 8, -5*v = -4*b - 6 - 35. What is the units digit of v?
5
Let s be 3*-1 - (1 - 4/1). Let z = -17 - -25. Suppose k - 1 - z = s. What is the units digit of k?
9
Suppose -99 = -16*a + 13*a. Let s = 46 - a. What is the tens digit of s?
1
Let m = -5 - -7. Suppose -m*q + 14 = 3*k - k, -16 = -4*q. What is the units digit of k?
3
Let y = 54 + -33. What is the units digit of y?
1
Let u = 170 + -83. What is the units digit of u?
7
Let o(l) = l**3 + 9*l**2 + 6*l + 10. What is the tens digit of o(-8)?
2
What is the hundreds digit of 3 + 0 + (121 - -2)?
1
Suppose -2*l - 4*n + 40 = 0, -6*l + l + 155 = -n. Suppose 2*k = -5*j - 3*k - l, -23 = 5*j - 2*k. Let q = -1 - j. What is the units digit of q?
4
Let w(y) be the second derivative of -5*y**5/2 - y**3/6 - 9*y. What is the units digit of w(-1)?
1
Let r(x) = 5*x - 10. Let y = 16 + -9. Let k be r(y). Suppose -2*q = 4*c - 25 - 1, 5*c = 5*q + k. What is the units digit of c?
6
Suppose -4*p = -4*b - 92, -4*p + 8 = -8. Let z = b + 23. What is the units digit of z?
4
Let y(i) be the first derivative of -5*i**2/2 - 5*i + 1. What is the units digit of y(-4)?
5
Suppose 4*t - 8 = -3*s + 2, 0 = 5*s - 3*t - 7. Let r = 2 + 3. Suppose -s*k - 15 = -r*k. What is the units digit of k?
5
What is the units digit of ((-5)/5)/(2/(-36))?
8
Let m be -7 + (-1)/((-4)/(-12)). Let p = m - -13. What is the units digit of p?
3
Suppose a = -4*i - 8, -5*a + a + 5*i = -10. Let d = a + 5. Let g = d + -2. What is the units digit of g?
3
Let q be (-1)/(-2) - (-329)/14. Suppose -2*m = -2*v - v - q, 2*m + 3*v - 24 = 0. What is the tens digit of ((-6)/m)/(1/(-20))?
1
Let q(r) = 4*r + 20. Let w be q(-8). Let f(l) = -l - 5. What is the units digit of f(w)?
7
What is the tens digit of (1*(1 + 16))/(2/10)?
8
Let z = 22 + -16. Let c = 3 + z. Let o = c - -5. What is the tens digit of o?
1
Suppose 0 = 3*n - 13 - 236. What is the tens digit of n?
8
Suppose -8*d + 125 = -3*d. Suppose -2*t + d = 3*t. What is the units digit of t?
5
Let q(r) = 4*r**2 + 13*r + 7. What is the units digit of q(-11)?
8
Let o(v) = 8*v + v**2 + 3 - 7 - 7. Let h be o(-12). Let u = h + -25. What is the tens digit of u?
1
Let g(t) = 17 + t - 6 + 2. Let d be g(-11). Suppose -3*s + 60 = d*s. What is the units digit of s?
2
What is the tens digit of 219/5 - (-2)/10?
4
Let f = -11 + 15. Let j(t) = -t**2 + 5*t + 1. Let i be j(f). Suppose 4*n - i*n = -16. What is the units digit of n?
6
What is the tens digit of 4 + (-1 - -48) + 3?
5
Suppose -10*m + 5*m = -420. What is the units digit of m?
4
Let s = 10 - 7. Let j(i) = -2*i + 2*i**2 - 7 - s*i**2 - 5*i**2 - i**3. What is the units digit of j(-6)?
5
Let z = -36 + 79. Let w = 71 - z. What is the tens digit of w?
2
Let l(x) = -x**3 - 11*x**2 - 2*x - 13. Let y(d) = -2*d + 7. Let b be y(9). What is the units digit of l(b)?
9
Let a(y) = -1 + 3*y + 7 + 5*y - y**2. Let f be a(7). Suppose 3*j - 2*k - 12 - 1 = 0, 0 = 5*j + k - f. What is the units digit of j?
3
Let m be -6*(16/6 - 2). What is the tens digit of -10*3/(m - -1)?
1
Let d be (0/1)/(-1) - -5. Suppose -5*y = d*a - 100, 4*a + a + 2*y - 112 = 0. What is the units digit of a?
4
Let t = 36 + -26. Let c = t + -7. Let w(q) = q**2 + q - 1. What is the tens digit of w(c)?
1
Let r(g) = -g**3 - 4*g**2 + 5*g + 3. Let v be r(-5). Suppose 0 = -4*w + 5*i + 28, 3*i + 5 = v*w - 16. What is the units digit of w?
7
Let x(d) = 4*d**3 - d**2 + 2*d - 2. What is the units digit of x(2)?
0
Let y = 16 + -14. What is the units digit of y?
2
Let i(n) = n**3 - 6*n + 2. What is the tens digit of i(4)?
4
Let g(x) = -x**3 + 8*x**2 + 9*x. Let l be g(8). Suppose 2*i = -a + 55, 2*i = -i + 2*a + l. What is the tens digit of i?
2
Suppose 2*q = 35 + 33. Suppose 2*a - q = -2*x, -a - x = -3*x - 2. What is the tens digit of a?
1
Suppose g + 3*q - 26 = 0, 0 = -4*g - 0*g + 4*q + 136. Suppose 0 = -4*j - g + 8. Let v(b) = -b**3 - 4*b**2 + 8*b - 1. What is the tens digit of v(j)?
2
Suppose 0 = -4*q - 36 - 52. Let r = q - -32. What is the units digit of r?
0
Suppose 2*z + m - 227 = 0, 2 = -0*m + 2*m. What is the hundreds digit of z?
1
Let r be 2/7 - 72/7. Let x(a) = a**2 - a + 15. Let s be x(0). Let b = r + s. What is the units digit of b?
5
Let y(x) = -x**3 + 5*x**2 - 3*x - 1. Suppose -1 = -t + 3. What is the units digit of y(t)?
3
Suppose 78 = -4*b - 3*c, -2*c = -2*b + 3*b + 17. Let k = 60 + b. What is the tens digit of k?
3
Let d(l) = 3*l**2 + 0*l**2 - 3*l**2 + l**2 - 4. Suppose 0*x = 2*x + 8. What is the units digit of d(x)?
2
Suppose -3*b = 5*o - 401, 0 = -0*b - b + 3*o + 157. What is the tens digit of b?
4
Let b = -56 - -124. What is the units digit of b?
8
Let r = -61 + 102. What is the units digit of r?
1
What is the units digit of ((-135)/36)/((-6)/8)?
5
Let t = -63 - -117. What is the units digit of t?
4
Let r(h) = h**2 + 4*h + 3. What is the tens digit of r(4)?
3
Suppose -j + 18 = 17. What is the units digit of j?
1
Suppose 2*o = 14 + 20. What is the units digit of o?
7
Suppose -y + 4 = -3*x - 15, 4*x = 4*y - 36. Suppose -5*b = -k - 2 + 21, -3*k + 37 = -5*b. Let g = k + x. What is the units digit of g?
4
Let y(f) be the second derivative of -f**7/2520 - f**6/72 + f**5/40 - f**4/4 - 2*f. Let v(d) be the third derivative of y(d). What is the units digit of v(-10)?
3
Let p be (-1 - -4) + -6 - -3. Suppose -o - 3*o + 76 = p. What is the units digit of o?
9
What is the tens digit of (-90)/(-4)*32/24?
3
Let t(l) = -l**3 + 5*l**2 - 4*l + 1. Let h be t(4). What is the units digit of h + 1/((-3)/(-3))?
2
Let h(r) = -r**3 - r + 4. Let g be h(0). Suppose -g*t + j + 2*j + 3 = 0, -t - 4*j = -15. What is the units digit of t?
3
Suppose -4*y + 7 = -7*d + 2*d, 4*d = -5*y + 19. What is the units digit of 11 + d - (-2)/2?
3
Let k = -8 + 9. What is the units digit of 4/((-3)/(-12)*k)?
6
Suppose -5*b + 6*b - 4*l = 123, -b - 2*l = -123. What is the tens digit of b?
2
Suppose -31 = 5*y - 4*i, -2 = -2*y - 0*y - 2*i. Let q be (